False
Let k(u) = 5 + 9*u**2 - 11*u + 0*u**2 + 6*u**2. Suppose 4*r + 15*l - 10*l - 34 = 0, 2*l = 4. Is k(r) prime?
True
Suppose 9251741 = -120*l + 92557061. Is l a composite number?
True
Let s = -28 + 28. Let g = -8 - s. Is (-2)/(-1) - (g - 3) a prime number?
True
Let j(k) = 18009*k**2 + 11*k + 29. Is j(-4) composite?
True
Let d be -2 + 1098/(2 + 1). Let c = d + -1191. Let t = 1854 + c. Is t composite?
True
Let m(g) = -2453*g - 6. Let n be 23/(-69)*3/1. Is m(n) prime?
True
Suppose -4*h - 119 = -5*h. Let x = h + -118. Is (x + 1442/(-6))/((-54)/81) composite?
False
Let a(i) = 31120*i**2 - 260*i - 1323. Is a(-5) composite?
False
Let o = 5088 - 2737. Is o a composite number?
False
Let s(h) = 13409*h + 3726. Is s(13) prime?
False
Let q be ((-418)/(-8))/(2*(-8)/(-64)). Suppose -17571 = -212*l + q*l. Is l prime?
True
Suppose 70 = 7*a - 2*a. Suppose -5424 = 6*h - a*h. Suppose -4*k - h = -7*k. Is k a composite number?
True
Let c(w) = -2784*w - 15. Let l be c(-12). Suppose -32894 - l = -13*t. Is t composite?
False
Let k(s) = 13*s + 366. Let w be k(-28). Suppose -3*q = -0*j + 2*j - 41999, w*q - 27974 = 5*j. Is q a composite number?
False
Suppose -42*m = -46*m + 5*a + 113, 4*m - 112 = 4*a. Suppose -1232085 = 12*n - m*n. Is n a prime number?
True
Suppose 7475003 = 408*g - 32288647 - 32978262. Is g prime?
True
Let u(w) = -547*w**2 + 4*w - 5. Let a(o) = 546*o**2 - 5*o + 6. Let t(s) = 5*a(s) + 4*u(s). Is t(3) a composite number?
False
Let k be (-3)/(-4) + 200/32. Let x(d) = 42 + 7*d**2 + 13*d**3 - 6*d**3 + 49 - 20*d - 86. Is x(k) composite?
False
Is 144/(-16) - -68*(-5874)/(-12) a composite number?
True
Suppose -4*l = k + 11, 0*l - 4*l = -2*k + 38. Suppose -7*z + k = -4*z. Suppose z*y = -3*m + 1866, 0 = -3*m - y - 405 + 2273. Is m a composite number?
True
Let u(j) = 60*j**3 + 16*j**2 - 4*j + 235. Is u(16) prime?
True
Let p = -45 - -50. Suppose -26 = p*v + 4*m - 84, -3*v + 30 = 4*m. Suppose -10*n - 4820 = -v*n. Is n a composite number?
True
Suppose -40 = -14*l + 44. Suppose -5 = u + 2*m, -l*m = -5*u - m + 35. Suppose -u*v + 4*v = -z + 2152, 2*z + 8590 = 4*v. Is v a prime number?
False
Suppose -13*a + 613978 + 1752528 = -1278057. Is a a composite number?
False
Suppose 50 = -2*d + 3*b - 4*b, 3*b = -2*d - 46. Let s be d*1*(-1)/2. Suppose -s*l + 19195 = -2*l. Is l composite?
True
Suppose 22 = -4*t + 102. Suppose 4*n + t = 0, 0 = 3*q + n + n + 13. Is 2/(-5 + q)*-177 a composite number?
False
Let r(y) = 567*y + 96667. Is r(0) a prime number?
True
Suppose -3*a = -96*a + 14*a + 8792621. Is a composite?
True
Suppose 326975 = 31*b + 24*b. Let c(x) = x**3 - x + 3318. Let k be c(0). Let i = b - k. Is i prime?
False
Let z(r) = -5*r + 28. Let x be z(5). Let c be 2288 + x*(-6)/(-9). Suppose c = 2*q + 6*a - 3*a, 2*a + 8 = 0. Is q a prime number?
True
Let n = 119389 + -83972. Is n prime?
False
Let f(y) = -18*y - 12*y - 5 + 27*y. Let x be f(-3). Suppose o + 4*g = 6*o - 7563, 0 = -2*o - x*g + 3014. Is o a prime number?
True
Is 5/(-14)*(-182)/520 - (-11929614)/16 a prime number?
True
Is (7741788/8)/(3/2)*(12 + -11) prime?
True
Let h = -524603 + 1089594. Is h a prime number?
False
Let r = -8537 - -18290. Is r a composite number?
True
Let q = -424 + 429. Suppose 0 = -2*i - q*i + 15043. Is i a composite number?
True
Is 609/58 + -11 - 1573665/(-6) prime?
False
Is (-7074218)/(-16) - (-963)/2568 prime?
True
Let a = 216 + -115. Suppose -4*m - a = -3*s, 0 = 4*s - m + 4*m - 168. Suppose 53 = 2*r - s. Is r composite?
True
Suppose -141*a + 147*a - 55728 = 0. Let k = 14110 - a. Is k prime?
False
Let m be 156758/(-49) - (-1 + (-30)/(-35)). Let p = m - -4482. Is p composite?
False
Let v(s) = -48*s**2 - 4*s + 249. Let o(r) = -22*r**2 - 2*r + 124. Let k(i) = 11*o(i) - 6*v(i). Is k(-8) composite?
True
Let i = -124 - 61. Is (i/(-5))/((-172)/58 + 3) a prime number?
False
Let j(i) = -368*i + 2. Let z be j(-7). Let m = z - -2217. Suppose 13*a - m = 6*a. Is a composite?
True
Is (-78)/(-117)*6/(-16)*2*-2176774 composite?
False
Let f(v) be the second derivative of v**4/12 + 5*v**3/3 - 21*v**2 - 2*v. Suppose 4*r - h + 66 = -31, r + 28 = h. Is f(r) prime?
True
Let o = -126 + 319. Suppose 0 = 4*k + 839 - 431. Let c = k + o. Is c a composite number?
True
Let n be (0 - 3) + (-6971 - -17) - -3. Let j = n - -13663. Is j a prime number?
True
Suppose 20*p - 15*p - 30 = 0, -10587 = -3*m - p. Is m prime?
True
Let s(o) = 1120*o - 230. Let r be s(-16). Is (12/6)/(r/6054 + 3) a prime number?
True
Suppose 2*a - 22*a + 6859211 = -3*a. Is a composite?
False
Suppose 0*m + m - 97 = -4*r, r = -4*m + 43. Suppose -5*u - 5*v + 40005 = 0, 22*v - r*v = -4. Is u a composite number?
True
Let o be 2/(-6) + 77/(-21). Let h be 5*o*(7/(-4))/7. Suppose -4*s + 40 = 2*n - 42, -h*n - 81 = -3*s. Is s composite?
True
Let l(o) = 547*o**2 - 71*o + 843. Is l(19) a prime number?
True
Suppose -7*g + 3*g - 5114 = -y, 2*g = -4*y + 20474. Let q = y - 2089. Is q prime?
False
Let u(g) = 22*g**2 - 6*g - 20. Let d be u(-7). Suppose -d = q + q + l, q = -4*l - 543. Let y = q - -774. Is y prime?
True
Let u be ((-6)/5)/(26/(-65)). Suppose u*s = 5185 + 218. Is s a prime number?
True
Suppose -v = 3*v + 3*h - 19, 5*v - 23 = -3*h. Suppose v*p - 40992 = 5*k - 4543, -5*p = k - 45554. Is p a composite number?
True
Let d(c) = -5*c + 2773. Let b = -36 + 36. Is d(b) a prime number?
False
Suppose 3*u = 2*o - 5*o + 45, 16 = -4*u. Suppose -o*j + 12*j + 4487 = 0. Is j a composite number?
False
Let d be (10507/63 - (-4)/18) + -2. Suppose -5*b - 440 - 325 = -5*g, -g - 2*b = -d. Is g prime?
True
Suppose 41164118 = 155*b - 12071097. Is b prime?
False
Is (5 - 49966/(-5))*(12 + -7) a prime number?
True
Suppose -21793 + 49 = -9*r. Suppose 0 = 14*v - 818 - r. Suppose -1363 = -2*o + v. Is o a composite number?
False
Suppose 5*n = 4*s - 841726, 13*s - 17*s - 3*n = -841774. Is s a composite number?
True
Suppose -2408733 + 628830 = -9*t. Is t a composite number?
False
Suppose -3*h - 4*f + 2387 + 1955 = 0, 4*h = f + 5764. Let y = -671 + h. Is y prime?
False
Let p(s) = -21*s**3 - 6*s**2 + 5*s + 7. Let q be p(-8). Suppose -q - 5106 = 3*x. Let r = 7246 + x. Is r composite?
False
Is (-384375)/(-30) + -3*1/2 prime?
False
Let l = 691 - -339. Suppose 20*n = 18*n - l. Let k = -108 - n. Is k prime?
False
Suppose 0 = p + 6*p - 4235. Let n(x) = -86*x + 4. Let s be n(-2). Suppose 3*z - p = -s. Is z composite?
True
Is 2 + (12/3 - -44489) + (11 - 5) a prime number?
True
Suppose -3*s + 297009 = -4*l, -227*l + 224*l = -4*s + 396005. Is s a composite number?
False
Suppose -14*t + 13*t - 52 = 0. Let m be (t + (-3 - -1))*2. Let g = 267 + m. Is g prime?
False
Let v = 771 - -3430. Is v prime?
True
Let c(u) = -u**3 + 11*u**2 - 12*u - 12. Let s = 114 - 105. Let f be c(s). Let l = -4 + f. Is l a composite number?
True
Suppose 2*g - 6*g = -452. Suppose -4*q - 4*r = -q - g, 3*r = q - 29. Suppose -31*z = -q*z + 24740. Is z composite?
True
Let j(q) = -112*q**2 + 1. Let m be j(-2). Let w(l) = 72*l + 62. Let z be w(-3). Let b = z - m. Is b a prime number?
True
Suppose -5*i + 5 = -5*n, -4*n - 2*i = n - 30. Suppose 12 = n*o - 3*z, -4*o = 4*z + z + 20. Suppose -4*w = o, 4*v = 5*w - w + 308. Is v composite?
True
Is 33/(-27) + 1 - (-49136040)/648 a composite number?
True
Let v(w) = -47350*w - 1449. Is v(-11) composite?
True
Suppose 25*j - 27*j - 4*s + 37358 = 0, -3*j + s = -56072. Is j composite?
True
Let g(j) = -j**3 + 71*j**2 - 209*j + 31. Let q be g(68). Suppose 7*b - 2*b - 50 = 0. Let m = b - q. Is m prime?
False
Is (4/6)/(1/(-538)*36/(-81621)) a composite number?
True
Suppose -2*i + 5*w = -61 - 136, 5*i = 2*w + 440. Is i prime?
False
Let v = 249 - 253. Is 65472/(12 + v) - (-2)/2 prime?
False
Suppose 3*c - 2*h - 313150 = c, 0 = c + h - 156567. Is c a prime number?
False
Let a = 14 - 10. Let w(u) = u**3 + 14*u**2 + 27*u - 33. Let m be w(-10). Suppose -a*c - 4*r + 115 = -m, -5*c + 2*r = -265. Is c a prime number?
True
Suppose 0 = i + 40 - 48. Is 15/(-3)*i/((-56)/3409) a prime number?
False
Suppose 2*y + p - 9 = 0, 2*y + 2*y = -5*p + 27. Suppose -i - y*n + 0*n + 2794 = 0, 0 = -2*i + 4*n + 5558. Is i a composite number?
True
Suppose 5*v - 6*k + 311950 = 1763861, -v + 2*k + 290379 = 0. Is v composite?
True
Suppose 2*u - 15645 + 49849 = 0. Let d = u + 34095. Is d a prime number?
True
Is ((-25)/(-4))/((-240)/(-2347